 q**2 + 0*q**2 - 4*q**2 + 1 - 5*q**3 - q. Let f be (-1 - -12) + 42 + -55. Determine l(f).
31
Let w(z) = -3*z**3. Suppose 45 = -36*o + 9. Determine w(o).
3
Let b = -2357/2 - -1179. Let k(v) be the first derivative of 7 + b*v**2 - 2*v. Determine k(-3).
-5
Let x(n) be the third derivative of -n**5/120 + n**4/4 - n**3/2 - 23*n**2. Let u(j) be the first derivative of x(j). Give u(11).
-5
Let z(y) = y**3 - 5*y**2 - 7*y + 5. Let l(f) = f**3 - 4*f**2 + 2*f + 4. Let s be l(3). Suppose s = -5*a + 16. Let r be (-3)/(-9)*a - -5. What is z(r)?
-1
Let x(n) = 7*n + 4*n - 7*n - 2*n - 7. Let l(j) = j**2 - j - 1. Let q(d) = 3*l(d) - x(d). What is q(3)?
16
Suppose -3*b = h + 4*h - 20, b + 4 = h. Let i(q) = 2 + 2 - 3 + b + q. Suppose 0 = -9*o - 9*o - 54. What is i(o)?
-2
Let f(m) = -m**2 + m + 1. Let r be f(3). Let p(u) be the third derivative of -1/2*u**3 + 1/6*u**4 + 0*u + 1/60*u**5 + 0 - 10*u**2. Determine p(r).
2
Let f(q) = -5*q - 2. Let z(h) = -15*h - 7. Let a(l) = -7*f(l) + 2*z(l). Let k = -6 + 8. Give a(k).
10
Let q(p) = 6*p - 3. Let y(r) = -7*r + 3. Suppose -3*b - 25 = 2*b. Let v(i) = b*y(i) - 6*q(i). Suppose 2*t - 25 = -5*z, 3*t - 3*z + 15 = -t. Give v(t).
3
Let s(v) = 13*v**2 - 13*v + 71. Let u(n) = -7*n**2 + 7*n - 36. Let x(c) = 4*s(c) + 7*u(c). Let j(q) be the first derivative of x(q). Calculate j(2).
9
Let q(p) = -4*p - 10. Let j(b) = 8*b + 19. Let x(g) = 3*j(g) + 5*q(g). Determine x(-6).
-17
Let t(w) = -2*w + 5. Let r(o) = o + 1. Let g(l) = -3*r(l) - t(l). Suppose -2*s - 3*h + 16 = -9, -3*s + 27 = h. Let p be s/(-6) - (-70)/(-15). What is g(p)?
-2
Let a(l) be the first derivative of l**3/3 + 7*l**2/2 + 5*l - 611. Calculate a(-7).
5
Let x = 31 + -50. Let t = x + 26. Let l(d) = -d**2 + 10*d - 8. Determine l(t).
13
Let z(u) = -8*u - 9*u - 1 - 3*u - 4*u**2 + 16*u. Let h(c) = -c**3 + c + 1. Let o(q) = -h(q) - z(q). What is o(-4)?
-12
Let s(r) be the first derivative of r**5/60 - r**4/4 + r**3 - r**2 - 4. Let y(c) be the second derivative of s(c). Determine y(5).
1
Let n(u) = u**2 + u - 9. Suppose 2*j + 0 = 4*w + 26, 0 = j - 3. Let r be w/15*(-3 + 3). Give n(r).
-9
Let p(c) be the third derivative of -c**7/5040 + c**6/720 + c**5/20 - 2*c**2. Let v(l) be the third derivative of p(l). Give v(-8).
9
Let s(k) = -7*k**2 + k**2 + 2*k + 8*k**2. Give s(-3).
12
Let b = -3 + 7. Let i(a) = b - 9*a - 1 - 1. Let x be (-2)/(-6)*7/((-35)/(-30)). Calculate i(x).
-16
Let f(s) = -2*s + 3. Let w(y) = 3*y - 5. Let p(n) = 8*f(n) + 5*w(n). Let g be p(-4). Suppose 0 = 4*d + g + 5. Let k(t) = 5*t + 1. What is k(d)?
-9
Let z(s) be the second derivative of 5*s**3/6 - s**2/2 + s. Suppose h = -w + 4, -3*h + 5*w + 28 = 24. Give z(h).
14
Let f(x) = 2*x**2 - 5*x - 1. Let p be -5*(-5)/25 - (-4 + 3). Give f(p).
-3
Let z = -9 + 12. Let p be 4/12*z - -2. Let s(b) = -3 + 2*b**2 + 0*b**2 - p*b**2 - 2*b + 4. Calculate s(1).
-2
Let z(b) be the first derivative of -7*b + 1/4*b**4 + 2*b**3 - 1/2*b**2 - 4. Calculate z(-6).
-1
Let q(l) be the third derivative of -l**6/120 + l**5/15 + l**4/6 + 5*l**3/6 + 32*l**2 - 1. What is q(5)?
0
Suppose 9*n - 207 = -252. Let i(p) = -p**2 - 5*p - 1. Determine i(n).
-1
Let p(l) = l - 10. Suppose 0 = -2*f - 15 + 7. Give p(f).
-14
Let u(p) be the third derivative of p**6/15 + p**5/30 - p**4/12 + p**3/6 - p**2 - 31. Suppose -28 = -3*x - 5*q, -x + 2*q + q = 14. What is u(x)?
9
Let j(w) be the first derivative of -3*w + 6 - 1/4*w**4 - 2/3*w**3 - w**2. Determine j(-2).
1
Let x(m) = -395*m + 774*m + 6 - 380*m. What is x(5)?
1
Let y(f) be the third derivative of f**6/120 + f**5/15 + f**4/8 - f**3/2 + 15*f**2. Let z(u) = -u**3 - 8*u**2 + u + 4. Let n be z(-8). Give y(n).
-15
Let k(s) = -14*s**3 - 19*s**2 + 8*s - 44. Let l(o) = -5*o**3 - 6*o**2 + 3*o - 15. Let t(q) = 4*k(q) - 11*l(q). Let u be (-20)/(-9)*(-828)/184. Calculate t(u).
-1
Let l(b) = 3*b + 6. Let d = 916 + -917. Determine l(d).
3
Let q(v) = v**3 - 11*v**2 + v - 2. Let j be q(11). Suppose 0 = -u + j*u - 16. Let m(a) be the third derivative of -a**4/24 + a**2. Calculate m(u).
-2
Let y(g) = g - g**2 + 1 - g. Suppose -9*s + 14 = -7*s. Suppose -s*t = -5*t - 4. Give y(t).
-3
Let b(k) = 13*k**3 - 8*k**2 - 11*k - 7. Let r(q) = -28*q**3 + 17*q**2 + 23*q + 15. Let w(g) = -13*b(g) - 6*r(g). Give w(4).
-11
Let d(c) be the second derivative of -c**4 + c**3/6 + 21*c. Determine d(-2).
-50
Let p(w) be the first derivative of 7/2*w**2 + 37 - 1/3*w**3 - 4*w. Give p(5).
6
Let h be 0/(-4) + 2/2. Let g(c) be the first derivative of c**6/20 - c**4/12 + c**3/6 + 9*c**2/2 - 1. Let j(i) be the second derivative of g(i). Give j(h).
5
Let k(g) be the third derivative of -g**6/120 - g**5/4 - 13*g**4/12 + g**3/2 + 510*g**2. What is k(-13)?
3
Let l(c) = c - 4. Suppose 10 = 3*b + 2*b. Let u be b/(-3) - (-69)/9. Let i = -3 + u. Calculate l(i).
0
Let l(w) = w + 11. Let t be l(-9). Suppose 0 = 3*q - t*q + 25. Let c be 56/(-10) + 10/q. Let x(m) = -m**3 - 5*m**2 + 6*m - 2. Determine x(c).
-2
Suppose -2*h = -l - 9, h = -412*l + 407*l + 10. Let a(u) = -u**2 + u - 1. What is a(h)?
-21
Let y(g) = g**2 + 10*g + 11. Let v be y(-9). Let a be (-11)/22*-1*v. Let z(j) = 5*j**2 - 2*j + 1. Determine z(a).
4
Let c = 87 - 47. Suppose -3*k + c = 2*k. Let d(z) = 9*z + 19*z**2 - 55*z**2 + 35*z**2 - 6. Give d(k).
2
Suppose 15*r - 121 = 14*r. Let w = -129 + r. Let z(m) = m**3 + 9*m**2 + 9*m + 1. What is z(w)?
-7
Let k(c) = c**2 + 10*c + 2. Let j(w) = w**3 + 3*w**2 - 7*w - 5. Let a be j(0). Determine k(a).
-23
Let g(o) be the third derivative of o**4/8 + 4*o**3/3 - 99*o**2 + 1. Determine g(-5).
-7
Let g(p) = -7*p + 60 - 120 + 8*p + 50. Calculate g(7).
-3
Suppose -20*f + 207 - 147 = 0. Let d(z) = -2*z**2 + z + 10. Calculate d(f).
-5
Let o(y) = y**3 + 5*y**2 - 6. Let b = 257 - 262. Determine o(b).
-6
Let h(g) be the first derivative of -g**4/4 - 2*g**3 + 3*g**2 + 3*g - 254. Calculate h(-7).
10
Let d(s) be the third derivative of s**5/20 - 3*s**4/8 + s**3/2 + 16*s**2. Let l(o) = 4*o**2 - 13*o + 5. Let f(p) = 7*d(p) - 5*l(p). Give f(-3).
-1
Let u(x) = x**2 + 8*x - 25. Suppose 1880*g + 44 = 1876*g. Give u(g).
8
Let c(l) be the second derivative of l**5/20 + l**4/4 + l**3/2 + 3*l**2/2 + 2*l. Let u be (21/(-14))/((-8)/(-16)). Give c(u).
-6
Suppose -4*a + 62 - 18 = 0. Let j = 25 - a. Let y = j + -8. Let v(l) = l - 8. What is v(y)?
-2
Let g(w) = -167*w + 267*w - 101*w. Let t = 10 + -4. Calculate g(t).
-6
Let x be (3/(-4) - 0)*4. Let g be -9*(-11)/((-396)/(-8)). Let f(s) = -19*s - 13*s + 57*s - 20*s + 3 + s**g. Calculate f(x).
-3
Let n = -14 - -28. Let b = n + -11. Let t(y) = -4*y - b*y + 4*y. What is t(-1)?
3
Let d(y) = -250*y**2 + 0*y**3 + y**3 - 7 - y + 515*y**2 - 260*y**2. Suppose 12 = 4*o - 2*c + 2, -2*c - 4 = -o. Let z be ((-25)/(-10))/(o/(-4)). What is d(z)?
-2
Let f(g) = -g**2 + g - 6. Let l = 2857 + -2852. Determine f(l).
-26
Suppose 53*q + 4 = 54*q. Let y(s) = -s**3 + 4*s**2 + s - 2. Give y(q).
2
Suppose 4*j - 11*x - 2 = -13*x, 0 = x + 5. Suppose j = -3*u, -2*y - 11*u + 7*u = 4. Let s(k) = k**2 - k - 10. Give s(y).
-10
Let b(m) = 2*m - 8. Let i be (-7)/(-1) - 1 - 1. Suppose 0 = 3*v - 6*v - 3, k + 3*v = -9. Let r(j) = 2*j - 9. Let u(f) = i*r(f) + k*b(f). What is u(-4)?
11
Let f(c) = -c - 7*c + 2*c - 8 - 1 + 8*c. Give f(7).
5
Let s(r) be the third derivative of -r**5/60 - r**4/24 - r**3 + 3*r**2. Let z = -52 - -52. Determine s(z).
-6
Suppose 0 = -0*i - 6*i + 156. Let v = i + -19. Let r = v + -10. Let j(x) = -5*x. Determine j(r).
15
Let m(b) = -6*b + 2 + 8*b - 10*b + 2 - b**2 + 0. Determine m(-8).
4
Let b(o) = o**3 - 6*o**2 + o + 5. Let l be 2/(-3) + 5/3. Suppose 3*s + 5*c = 6*s - 7, -l = -c. Suppose d = s + 2. What is b(d)?
11
Let m(g) = -g + 2 - 3 + g - g + 4*g. What is m(4)?
11
Let c(d) = -d**2 + 4*d - 6. Let l(g) = -9*g + 13. Let w be l(1). Determine c(w).
-6
Let g be (0 + -1)*(22 + -23). Let h be (-1)/g - -3 - -4. Let i(p) = -p**3 + 6*p**2 - 2*p + 7. What is i(h)?
-5
Suppose -2*c = 3*i + 9, 0 = 2*i - 3*i - c - 2. Let w = i - -6. Let n(f) = 24 - 24 + 2*f. Determine n(w).
2
Let d(s) be the second derivative of s**4/12 + 4*s**3/3 + 3*s**2/2 - 88*s. Determine d(-4).
-13
Let j(y) = 2 + 8*y**2 - 2*y - 9*y**2 - 5*y. Let k(c) = -6*c**2 - 2*c - 2. Let d be k(-1). Calculate j(d).
8
Suppose 2*w + 8*w = 100. Suppose -4*f = -w*f. Let q(b) = -b**2 + b - 7. Calculate q(f).
